(-9 + 3) - 1 - 2
-3
What is -8 + 3 + 1 - (7 - 5)?
-6
Calculate -5 + 15 - (-7 + 16).
1
What is the value of 6 - 0 - 5 - -4?
5
Calculate 8 - (9 + (2 - 11)).
8
What is 12 - (15 + 4 + -1)?
-6
8 + -3 + (-7 - -6)
4
What is the value of 7 + (-5 - -2) - 2 - 2?
0
Evaluate (-9 - (3 + -4)) + (14 - -1).
7
Calculate -3 - (-5 - (5 - 6)).
1
-39 + 42 + -10 + 1
-6
-7 - (-9 + 13 - 13)
2
Evaluate (5 - -6) + (4 + -2 - 3).
10
-3 - 1 - (-184 - -189)
-9
Evaluate (-4 - -6) + 0 + -1 - -2.
3
Evaluate (10 - (1 - -4)) + 0 + -1.
4
Evaluate (5 - (-5 - -6)) + -15 + 1.
-10
-6 + 5 + -5 + 4 + 0
-2
Calculate 1 + 11 + 49 + -54 + -4.
3
Calculate -6 - (-15 - (-13 + 6)).
2
What is the value of 8 + (-3 - -2) + -2?
5
Calculate -3 - ((-9 - -4) + -5).
7
What is the value of -11 - (-7 - (-7 + 6))?
-5
Evaluate -2 - 1 - (-42 + 35).
4
What is the value of -12 - (0 - (-4 - -12 - 2))?
-6
Evaluate -3 - (3 + -4 + 3).
-5
What is 5 - (6 - (2 + -7))?
-6
Calculate 6 + -3 + 4 + (1 - 3).
5
What is (2 - (-2 + 4)) + -8 + 1?
-7
3 - (12 + -17 - -12)
-4
What is the value of (4 + (-3 - 0) - -2) + 2?
5
(4 - 3) + 2 + 1
4
Calculate 8 - (4 + (-2 - 0) - -1).
5
What is the value of (1 - (-1 - 14)) + -7?
9
What is 22 + -29 + (-4 - -2 - -4)?
-5
Evaluate -14 + 4 + (-6 - -9) + 2.
-5
What is -4 + 9 - 3 - -2 - 10?
-6
Evaluate -3 - ((-2 - (0 + -1)) + -2).
0
-9 - (-3 + 1) - (-10 - -8)
-5
What is the value of 19 + -11 + -7 - (-4 - 4)?
9
Evaluate -26 - -11 - -20 - (5 - 1).
1
5 + 3 + (-1 - 3)
4
What is (-11 + 2 - -15) + -12?
-6
What is the value of -7 - -3 - ((0 - 2) + 1)?
-3
-4 - (-2 - (0 - -3 - 4))
-3
What is 9 + (17 - 10 - 14)?
2
Evaluate -3 - (-2 + -2 + 1 + 1).
-1
What is -11 + (15 - (-9 - -18))?
-5
Calculate -5 + 3 + (-12 - (6 - 13)).
-7
Evaluate 0 - (-5 + (8 - 4)).
1
What is 8 + (0 - -11 - 25)?
-6
Calculate -4 - (0 - 0 - 2).
-2
Calculate -13 + 6 + (7 - 3).
-3
What is -6 + 0 + (-9 - -22)?
7
2 + 4 + -4 + 1
3
-3 + 2 + 4 + -4
-1
-6 + 2 + -6 + 10
0
Calculate 1 + 6 + 1 - (-1 + 1).
8
Calculate 7 - (4 - 1) - 4.
0
What is the value of 2 - (7 + (3 - -1))?
-9
Calculate -3 + -1 + 2 + (1 - -1).
0
Evaluate -3 + (2 - 7) + -1 + 4.
-5
-55 - -50 - (-2 - -4)
-7
Evaluate -2 - (-7 + 2) - (0 + -3).
6
Calculate (3 - (5 - 4) - 1) + 2.
3
Calculate -1 + -5 + -112 + 111.
-7
What is 0 - (3 - (0 - (-2 - 0)))?
-1
Evaluate 0 + -1 - (-7 - (-15 - -6)).
-3
What is 4 - (-15 + 10) - 8?
1
Evaluate 1 - (-5 - (1 - 0) - 1).
8
Evaluate -3 - (-6 - 4) - (0 + 3).
4
Calculate (2 - -1) + -1 + -5.
-3
1 - (-3 + 0 + -1 + 4)
1
Calculate -18 + 17 + 2 - (-4 - 0).
5
What is the value of -3 + -3 + -4 + 12 + -2?
0
What is the value of -5 - -3 - (-25 - -18)?
5
-8 + (2 - (4 - (9 - 4)))
-5
-9 + 2 + (-5 - (6 + -16))
-2
Evaluate (5 - -3 - 0) + -1.
7
(-1 - -5) + -2 + 2 + 0
4
-5 + 4 + -3 + 8
4
(4 - 0) + (8 - (12 + -4))
4
Evaluate -6 - -11 - (-3 - -4 - 5).
9
What is 0 - (5 - ((2 - 1) + 1))?
-3
What is (-3 - -1) + (-14 - -6) + 7?
-3
Calculate (-11 - -8) + 5 + (1 - -1).
4
What is the value of 3 - 8 - -2 - (-1 - -3)?
-5
What is (2 - (-6 + 4 - -3)) + 5?
6
Calculate -112 + 114 - (8 - -1).
-7
What is (5 + 0 - 2) + -1?
2
What is -12 + 14 + -12 + 4 + 1?
-5
What is (1 - -2) + 1 - 0?
4
Calculate -4 + (-6 - -5) - (2 + -12).
5
2 - 7 - ((2 - 10) + 2)
1
1 + -6 + (-3 - -4) + 6
2
-3 - 0 - 1 - (152 - 151)
-5
What is the value of -3 + (-2 - (-4 + 4))?
-5
8 + 3 + -14 + (-1 - 2)
-6
What is the value of -10 + 10 + -3 + -1 + -1?
-5
Evaluate -8 + (14 - 12) - (2 + -11).
3
Evaluate -6 + -5 + 8 + -3.
-6
Calculate 1 - -15 - (-19 - -30).
5
Calculate -9 + (-2 - 3) + (3 - -5).
-6
-2 - (-2 + 5 - 7 - 0)
2
Evaluate -6 - (-5 - (-9 - -5)).
-5
(11 - 7) + (0 - -1)
5
Calculate (6 - 2) + -2 - (-20 - -23).
-1
-8 + (8 - (0 + 3))
-3
What is -27 - -20 - (0 + -2)?
-5
What is the value of -5 - -5 - (-10 + 15)?
-5
What is the value of -2 + (3 - 0 - 0 - 2)?
-1
-5 + -8 + 9 + 4
0
2 + 1 + 2 + (0 - 4)
1
-1 + (-6 + 4 - (-8 + 5))
0
Calculate -3 + (6 + -4 - -4) - -4.
7
What is (3 - 3) + (-5 - -8) + -9?
-6
2 + 0 + 3 + (-1 - -1)
5
-4 + (3 + 1 + 1 - 5)
-4
What is the value of 0 + (-3 + 0 + 1 - -2)?
0
Calculate -1 - (1 - 5 - (6 - 2)).
7
What is the value of 0 - (-5 + 7 - 9)?
7
(4 - (-8 - -7)) + -4 + -1
0
Calculate (4 - 3) + -5 + -1.
-5
Calculate (-13 - -4 - -4) + 7.
2
What is (-2 - -4 - -3 - 6) + 3?
2
What is the value of -18 - -16 - (2 + -2 - -1)?
-3
What is -10 - 6 - (3 + -8 + -1)?
-10
(-3 + 3 - (9 + -6)) + 4
1
Calculate 9 + -31 + 15 - -7.
0
Calculate 5 + (-1 - -3) + -2.
5
What is the value of (6 - -4) + (3 + -7 - 2)?
4
Calculate -3 + 2 + (0 - 3 - 1).
-5
(3 - -3) + -11 + -4 - -5
-4
Calculate -4 - 3 - (1 + -3 - 1).
-4
What is the value of (-2 - (-3 - (5 + -4))) + -6?
-4
Evaluate 7 + -12 - -7 - (0 - 3).
5
6 - (6 + (1 - (1 + 3)))
3
Evaluate 12 - (22 + -7 - 8).
5
Evaluate 2 + 4 - 6 - -8.
8
What is 5 - ((-6 - -6) + 7)?
-2
What is 5 - 1 - ((1 - 3) + 6)?
0
Evaluate 7 + (0 - -2) + -5.
4
Evaluate -9 - (4 + 11 + -18).
-6
Calculate -3 - (-6 - (-11 - -3)).
-5
Evaluate (1 - -3) + -17 + (2 - -9).
-2
What is 4 - (2 + 1 + 13 - 5)?
-7
Evaluate 8 + (5 - 7) + -5.
1
-1 - (-3 - -1 - (-18 + 17))
0
Evaluate -6 + 2 + -1 - (-4 - 5).
4
Evaluate 9 - (-5 + (5 - 5) - -6).
8
-2 + -2 - (-31 + 34)
-7
Calculate (-4 - (5 - 9)) + (3 - 0).
3
Evaluate (1 - -10) + -7 + -10 - 3.
-9
What is (-4 - (-16 + 2)) + -4?
6
What is 2 - 1 - (-9 + (14 - 8))?
4
Evaluate (-8 - -4) + 8 + (-1 - 0).
3
What is the value of -5 + (4 - -6) + -3?
2
What is the value of (-3 - 3 - -4) + (0 - 1)?
-3
What is 0 + (-4 - (-8 + 6)) + -7?
-9
What is (-9 - -9) + -3 + 3?
0
(15 - 4) + -11 + -5
-5
Calculate 1 - (4 - -8) - -9.
-2
What is (5 - 7 - (0 + -11)) + -5?
4
(5 + -3 - -1) + 2
5
What is 17 - 8 - (2 + 0 + 3)?
4
Calculate 0 + -9 + (-19 - -29).
1
Evaluate -3 - -5 - (-3 + 14 + -5).
-4
What is 3 - (-4 - -6 - -2)?
-1
Evaluate 2 + -5 - (10 - 7) - -1.
-5
Calculate -6 - (44 + -45 + 1 + -3).
-3
Evaluate 2 - (-2 - 0) - 7 - -8.
5
Evaluate 2 + 4 + -1 + -4 + -3.
-2
What is (-2 + 3 - 1) + -3?
-3
0 - (1 - (5 + (2 - 4)))
2
What is 4 + -8 - 2 - -2?
-4
Calculate (1 - (3 - 5)) + -5.
-2
-14 - (-15 - (11 + -20))
-8
What is the value of (-1 - 8) + 10 + 6?
7
What is the value of (-1 - -2) + (6 - 2) + -4?
1
Calculate 1 - (-3 - (1 - 6)).
-1
Evaluate -13 + 6 - (-8 + 0).
1
What is 5 + (-2 + 2 - (-1 - -8))?
-2
Evaluate 7 + -8 + 0 + 3.
2
6 + (-6 - (-1 + 3 + -6))
4
Calculate -6 - (-7 + 12 + -7).
-4
What is 2 - (6 + -4) - 2?
-2
What is 0 + -2 + (-3 - -5)?
0
Calculate 1 - 3 - (3 + -6 - -1).
0
What is -9 + 2 + 6 + -2?
-3
Calculate 14 - (-6 + 6 + 10).
4
What is the value of (32 - 28) + 3 + -1 + -5?
1
Calculate 21 - (18 - 3) - (1 - -11).
-6
What is the value of 12 - (3 + 7) - 1?
1
Calculate -1 - (-2 - -2 - -1) - -5.
3
What is 0 + (0 - 7 - (0 - 2))?
-5
What is the value of -1 - 1 - (-14 + 10)?
2
Evaluate -2 + (-3 - -7) + 0.
2
Evaluate (-6 - -4) + 3 + 2 + 2.
5
What is the value of -7 + 6 - (3 - 0)?
-4
Evaluate -9 - -3 - (-6 - -2 - -4).
-6
Evaluate (-1 - 1 - -8) + 5.
11
What is 5 - 6 - (-10 - (-3 - -1))?
7
Evaluate 1 + (-6 - (2 - 7)) - -9.
9
Calculate -123 - -123 - (-8 + (-2 - -2)).
8
3 - (9 + -3) - -7
4
Calculate 3 - (-2 - -1 - -9).
-5
What is (1 + 2 - 6) + 1?
-2
What is the value of 2 + 1 + -2 + 0 + 3?
4
Evaluate (1 - (1 - 3)) + 0.
3
What is the value of (-20 - -20) + (2 - 4)?
-2
What is -3 + 2 - (8 - (4 + -2))?
-7
-3 + -2 + 9 + -2 + -1
1
Calculate (-2 - -9) + -4 + -6 + -4.
-7
3 + (-3 - 2) - (8 - 7)
-3
What is -2 - ((-9 - -5) + -2)?
4
What is -7 + (0 - (1 - 4)) + -1?
-5
Calculate (-4 - (3 + -8)) + -1 - 4.
-4
Evaluate -2 + 6 + (-4 - -4).
4
Evaluate 1 + 2 + (-6 - -1).
-2
-2 + -4 + 2 + -1
-5
3 - (-1 + (2 - 2))
4
11 + (8 + -26 - -11)
4
-5 - (-9 - (6 + -12))
-2
What is 5 + (-8 - -4) + (4 - 1)?
4
Calculate -17 + 21 - (13 - (5 + -4)).
-8
Calculate -3 - -9 - (8 - -2) - 2.
-6
What is (2 - 3) + (2 - 2) + 2?
1
Evaluate -6 + 13 - 1 - 0.
6
6 + -4 + -1 + (-3 - -1)
-1
Calculate -6 + 4 + -7 + 4.
-5
What is 1 - (5 - 5 - -3)?
-2
Calculate -6 + (4 - (-2 - -4 - 14)).
10
(-6 - -1) + 9 - 11 - 0
-7
Evaluate 12 + -2 + -12 + 3 + 6.
7
What is 2 - -6 - 6 - 2?
0
1 + 0 + 7 + -10 + 3
1
What is the value of 2 - ((1 - 0) + 5 + 1)?
-5
What is the value of (-1 - (-4 + -2)) + (4 - 4)?
5
Calculate 6 + (0 - 2 - 3).
1
Calculate 11 - (7 - 7) - (0 + 5).
6
11 + -6 + (2 - (4 + -1))
4
What is (-1 - (1 - 4)) + 2?
4
-13 + (0 - -12) + (1 - 0)
0
-1 + 5 + -1 - 4 - 2
-3
Calculate